{"id":8222,"date":"2017-02-14T16:06:15","date_gmt":"2017-02-14T09:06:15","guid":{"rendered":"http:\/\/exthemes.net\/wooevents\/?page_id=8222"},"modified":"2023-08-07T22:36:36","modified_gmt":"2023-08-08T03:36:36","slug":"events-search","status":"publish","type":"page","link":"https:\/\/exthemes.net\/wooevents\/events-search\/","title":{"rendered":"Events Search"},"content":{"rendered":"<p>[vc_row][vc_column]    <div class=\"we-search-container we-s2654\" data-id =\"we-s2654\">\r\n    \t<div class=\"we-loading\">\r\n            <div class=\"wpex-spinner\">\r\n                <div class=\"rect1\"><\/div>\r\n                <div class=\"rect2\"><\/div>\r\n                <div class=\"rect3\"><\/div>\r\n                <div class=\"rect4\"><\/div>\r\n                <div class=\"rect5\"><\/div>\r\n            <\/div>\r\n        <\/div>\r\n        <div class=\"woo-event-toolbar we-search-shortcode \" id=\"we-s2654\">\r\n                <div class=\"exwt-row\">\r\n                    <div class=\"exwt-col12\">\r\n                        <div class=\"we-search-form\">\r\n                            <span class=\"search-lb lb-sp\">Search<\/span>\r\n                            <input type=\"hidden\"  name=\"ajax_url\" value=\"https:\/\/exthemes.net\/wooevents\/wp-admin\/admin-ajax.php\">\r\n                            <input type=\"hidden\"  name=\"result_showin\" value=\".we-ajax-result\">\r\n                            <input type=\"hidden\"  name=\"search_layout\" value=\"\">\r\n                            <input type=\"hidden\"  name=\"search_id\" value=\"we-s2654\">\r\n                            <form role=\"search\" method=\"get\" id=\"searchform\" class=\"wooevent-search-form\" action=\"https:\/\/exthemes.net\/wooevents\/\">\r\n                                <div class=\"exwt-input-group\">\r\n                                    <div class=\"exwt-input-group-btn we-search-dropdown we-sfilter\" data-id=\"we-s2654\">\r\n                                      <button name=\"product_cat\" type=\"button\" class=\"exwt-btn exwt-btn-default we-search-dropdown-button we-showdrd\"><span class=\"button-label\">Filter<\/span> <span class=\"fa fa-angle-down\"><\/span><\/button>\r\n                                    <\/div>\r\n                                    <input type=\"text\" value=\"\" name=\"s\" id=\"s\" placeholder=\"Search\" class=\"form-control\" \/>\r\n                                    <input type=\"hidden\" name=\"post_type\" value=\"product\" \/>\r\n                                    <span class=\"exwt-input-group-btn\">\r\n                                        <button type=\"submit\" id=\"searchsubmit\" class=\"exwt-btn exwt-btn-default we-search-submit\"  data-id =\"we-s2654\" ><i class=\"fa fa-search\"><\/i><\/button>\r\n                                    <\/span>\r\n                                <\/div>\r\n                                                                \t\t<div class=\"we-filter-expand we-column-4 exwt-row\">\r\n\t\t\t\t\t\t\t\t<div class=\"we-filter-cat exwt-col3 exwt-col-sm4\">\r\n\t\t\t\t\t\t<span class=\"\">Category<\/span>\r\n                        <select name=\"product_cat\">\r\n                            <option value=\"\">All<\/option>\r\n                            <option value=\"uncategorized\" >Uncategorized<\/option><option value=\"albums\" >Albums<\/option><option value=\"clothing\" >Clothing<\/option><option value=\"hoodies\" >Hoodies<\/option><option value=\"music\" >Music<\/option><option value=\"singles\" >Singles<\/option><option value=\"t-shirts\" >T-shirts<\/option><option value=\"tech\" >Tech<\/option>                        <\/select>\r\n\t\t\t\t\t<\/div>\r\n\t\t\t\t\t\t\t\t<div class=\"we-filter-tag exwt-col3 exwt-col-sm4\">\r\n\t\t\t\t\t\t<span class=\"\">Tags<\/span>\r\n                        <select name=\"product_tag\">\r\n                            <option value=\"\">All<\/option>\r\n                            <option value=\"badminton\" >badminton<\/option><option value=\"cricket\" >Cricket<\/option><option value=\"efojnrvfoirwnv-tags\" >efojnrvfoirwnv tags<\/option><option value=\"events\" >events<\/option><option value=\"fermentum\" >fermentum<\/option><option value=\"gravida\" >gravida<\/option><option value=\"music-band\" >music band<\/option><option value=\"natacao\" >nata\u00e7\u00e3o<\/option><option value=\"peace\" >peace<\/option><option value=\"site\" >site<\/option><option value=\"song\" >song<\/option><option value=\"sport\" >sport<\/option><option value=\"tech\" >Tech<\/option><option value=\"tesst\" >tesst<\/option><option value=\"test\" >test<\/option><option value=\"ticket\" >ticket<\/option><option value=\"web\" >web<\/option><option value=\"wordcamp\" >wordcamp<\/option>                        <\/select>\r\n\t\t\t\t\t<\/div>\r\n\t\t\t\t\t\t\t\t<div class=\"we-filter-year exwt-col3 exwt-col-sm4\">\r\n\t\t\t\t\t\t<span class=\"\">Years<\/span>\r\n                        <select name=\"evyear\">\r\n                            <option value=\"\">All<\/option>\r\n                            <option value=\"2024\" >2024<\/option><option value=\"2025\" >2025<\/option><option value=\"2026\" >2026<\/option><option value=\"2027\" >2027<\/option><option value=\"2028\" >2028<\/option>                        <\/select>\r\n\t\t\t\t\t<\/div>\r\n\t\t\t\t\t\t\t\t<div class=\"we-filter-loc exwt-col3 exwt-col-sm4\">\r\n\t\t\t\t\t\t<span class=\"\">Locations<\/span>\r\n                        <select name=\"location\">\r\n                            <option value=\"\">All<\/option>\r\n                            <option value=\"22494\" >Badminton 11\/12\/2025 J<\/option><option value=\"22381\" >Las Vegas, NV, USA<\/option><option value=\"22336\" >london city<\/option><option value=\"22272\" >London, Vereinigtes K\u00f6nigreich<\/option><option value=\"20543\" >Online via google meet<\/option><option value=\"20431\" >3379 Bluegrass Circle, Evans, CO 80620, USA<\/option><option value=\"20097\" >mayaguez<\/option><option value=\"20075\" >patna,800008<\/option><option value=\"19904\" >The Education &amp; Training Centre, Crawley, UK<\/option><option value=\"19143\" >K\u00f6lner Dom, Domkloster, K\u00f6ln, Deutschland<\/option><option value=\"19072\" >Castell de Sentmenat, Passeig del Castell, Sentmenat, Espa\u00f1a<\/option><option value=\"19056\" >Diadema, SP, Brasil<\/option><option value=\"18813\" >Opposite Lilavati Hospital, Bandra Reclamation, Bandra West, Mumbai ? 400050, India<\/option><option value=\"18810\" >Test location, Salmiya, Kuwait<\/option><option value=\"18793\" >38440 Wolfsburg, Germany<\/option><option value=\"18792\" >10250 NE 24th St, Bellevue, WA 98004, USA<\/option><option value=\"18769\" >Sydney, New South Wales, Australia<\/option><option value=\"18768\" >Opposite Lilavati Hospital, Bandra Reclamation, Bandra West, Mumbai \u2013 400050, India<\/option><option value=\"18730\" >sfsdfsf, Ahmed Faheem Bayoumy, El-Nozha, El Nozha, Egypt<\/option><option value=\"18701\" >Redmond, Washington, USA<\/option><option value=\"18700\" >75004 Paris, France<\/option><option value=\"18681\" >Address Boulevard &#8211; Sheikh Mohammed bin Rashid Boulevard &#8211; Duba\u00ef &#8211; \u00c9mirats arabes unis<\/option><option value=\"18658\" >3825 DD Amersfoort, Nederland<\/option><option value=\"18651\" >90 E 42nd St, New York, NY, USA<\/option><option value=\"18648\" ><\/option><option value=\"18411\" >Mumbai, India<\/option><option value=\"11891\" >London, UK<\/option><option value=\"10615\" >Queensland, Australia<\/option><option value=\"9184\" >NE 24th St, Redmond, Washington, USA<\/option><option value=\"9177\" >10178 Berlin, Germany<\/option><option value=\"9064\" >Bandra West, Mumbai \u2013 400050, India<\/option><option value=\"7888\" >London<\/option><option value=\"7501\" >Mumbai<\/option><option value=\"6809\" >Washington<\/option>                        <\/select>\r\n\t\t\t\t\t<\/div>\r\n\t\t\t\t            <span class=\"exwt-input-group-btn\">\r\n                <button type=\"submit\" id=\"searchsubmit\" class=\"exwt-btn-default we-search-submit\" data-id =\"we-s2654\">Filter<\/button>\r\n            <\/span>\r\n        <\/div>\r\n\t                        <\/form>\r\n                        <\/div>\r\n                    <\/div>\r\n                                    <\/div>\r\n            <\/div>\r\n                    <\/div>\r\n\t[vc_column_text el_class=&#8221;shortcode-code&#8221;][we_search][\/vc_column_text][\/vc_column][\/vc_row][vc_row][vc_column width=&#8221;1\/2&#8243;]    <div class=\"we-search-container we-s8002\" data-id =\"we-s8002\">\r\n    \t<div class=\"we-loading\">\r\n            <div class=\"wpex-spinner\">\r\n                <div class=\"rect1\"><\/div>\r\n                <div class=\"rect2\"><\/div>\r\n                <div class=\"rect3\"><\/div>\r\n                <div class=\"rect4\"><\/div>\r\n                <div class=\"rect5\"><\/div>\r\n            <\/div>\r\n        <\/div>\r\n        <div class=\"woo-event-toolbar we-search-shortcode \" id=\"we-s8002\">\r\n                <div class=\"exwt-row\">\r\n                    <div class=\"exwt-col12\">\r\n                        <div class=\"we-search-form\">\r\n                            <span class=\"search-lb lb-sp\">Search<\/span>\r\n                            <input type=\"hidden\"  name=\"ajax_url\" value=\"https:\/\/exthemes.net\/wooevents\/wp-admin\/admin-ajax.php\">\r\n                            <input type=\"hidden\"  name=\"result_showin\" value=\".we-ajax-result\">\r\n                            <input type=\"hidden\"  name=\"search_layout\" value=\"\">\r\n                            <input type=\"hidden\"  name=\"search_id\" value=\"we-s8002\">\r\n                            <form role=\"search\" method=\"get\" id=\"searchform\" class=\"wooevent-search-form\" action=\"https:\/\/exthemes.net\/wooevents\/\">\r\n                                <div class=\"exwt-input-group\">\r\n                                    <div class=\"exwt-input-group-btn we-search-dropdown we-sfilter\" data-id=\"we-s8002\">\r\n                                      <button name=\"product_cat\" type=\"button\" class=\"exwt-btn exwt-btn-default we-search-dropdown-button we-showdrd\"><span class=\"button-label\">Filter<\/span> <span class=\"fa fa-angle-down\"><\/span><\/button>\r\n                                    <\/div>\r\n                                    <input type=\"text\" value=\"\" name=\"s\" id=\"s\" placeholder=\"Search\" class=\"form-control\" \/>\r\n                                    <input type=\"hidden\" name=\"post_type\" value=\"product\" \/>\r\n                                    <span class=\"exwt-input-group-btn\">\r\n                                        <button type=\"submit\" id=\"searchsubmit\" class=\"exwt-btn exwt-btn-default we-search-submit\"  data-id =\"we-s8002\" ><i class=\"fa fa-search\"><\/i><\/button>\r\n                                    <\/span>\r\n                                <\/div>\r\n                                                                \t\t<div class=\"we-filter-expand we-column-4 exwt-row\">\r\n\t\t\t\t\t\t\t\t<div class=\"we-filter-cat exwt-col3 exwt-col-sm4\">\r\n\t\t\t\t\t\t<span class=\"\">Category<\/span>\r\n                        <select name=\"product_cat\">\r\n                            <option value=\"\">All<\/option>\r\n                            <option value=\"uncategorized\" >Uncategorized<\/option><option value=\"albums\" >Albums<\/option><option value=\"clothing\" >Clothing<\/option><option value=\"hoodies\" >Hoodies<\/option><option value=\"music\" >Music<\/option><option value=\"singles\" >Singles<\/option><option value=\"t-shirts\" >T-shirts<\/option><option value=\"tech\" >Tech<\/option>                        <\/select>\r\n\t\t\t\t\t<\/div>\r\n\t\t\t\t\t\t\t\t<div class=\"we-filter-tag exwt-col3 exwt-col-sm4\">\r\n\t\t\t\t\t\t<span class=\"\">Tags<\/span>\r\n                        <select name=\"product_tag\">\r\n                            <option value=\"\">All<\/option>\r\n                            <option value=\"badminton\" >badminton<\/option><option value=\"cricket\" >Cricket<\/option><option value=\"efojnrvfoirwnv-tags\" >efojnrvfoirwnv tags<\/option><option value=\"events\" >events<\/option><option value=\"fermentum\" >fermentum<\/option><option value=\"gravida\" >gravida<\/option><option value=\"music-band\" >music band<\/option><option value=\"natacao\" >nata\u00e7\u00e3o<\/option><option value=\"peace\" >peace<\/option><option value=\"site\" >site<\/option><option value=\"song\" >song<\/option><option value=\"sport\" >sport<\/option><option value=\"tech\" >Tech<\/option><option value=\"tesst\" >tesst<\/option><option value=\"test\" >test<\/option><option value=\"ticket\" >ticket<\/option><option value=\"web\" >web<\/option><option value=\"wordcamp\" >wordcamp<\/option>                        <\/select>\r\n\t\t\t\t\t<\/div>\r\n\t\t\t\t\t\t\t\t<div class=\"we-filter-year exwt-col3 exwt-col-sm4\">\r\n\t\t\t\t\t\t<span class=\"\">Years<\/span>\r\n                        <select name=\"evyear\">\r\n                            <option value=\"\">All<\/option>\r\n                            <option value=\"2024\" >2024<\/option><option value=\"2025\" >2025<\/option><option value=\"2026\" >2026<\/option><option value=\"2027\" >2027<\/option><option value=\"2028\" >2028<\/option>                        <\/select>\r\n\t\t\t\t\t<\/div>\r\n\t\t\t\t\t\t\t\t<div class=\"we-filter-loc exwt-col3 exwt-col-sm4\">\r\n\t\t\t\t\t\t<span class=\"\">Locations<\/span>\r\n                        <select name=\"location\">\r\n                            <option value=\"\">All<\/option>\r\n                            <option value=\"22494\" >Badminton 11\/12\/2025 J<\/option><option value=\"22381\" >Las Vegas, NV, USA<\/option><option value=\"22336\" >london city<\/option><option value=\"22272\" >London, Vereinigtes K\u00f6nigreich<\/option><option value=\"20543\" >Online via google meet<\/option><option value=\"20431\" >3379 Bluegrass Circle, Evans, CO 80620, USA<\/option><option value=\"20097\" >mayaguez<\/option><option value=\"20075\" >patna,800008<\/option><option value=\"19904\" >The Education &amp; Training Centre, Crawley, UK<\/option><option value=\"19143\" >K\u00f6lner Dom, Domkloster, K\u00f6ln, Deutschland<\/option><option value=\"19072\" >Castell de Sentmenat, Passeig del Castell, Sentmenat, Espa\u00f1a<\/option><option value=\"19056\" >Diadema, SP, Brasil<\/option><option value=\"18813\" >Opposite Lilavati Hospital, Bandra Reclamation, Bandra West, Mumbai ? 400050, India<\/option><option value=\"18810\" >Test location, Salmiya, Kuwait<\/option><option value=\"18793\" >38440 Wolfsburg, Germany<\/option><option value=\"18792\" >10250 NE 24th St, Bellevue, WA 98004, USA<\/option><option value=\"18769\" >Sydney, New South Wales, Australia<\/option><option value=\"18768\" >Opposite Lilavati Hospital, Bandra Reclamation, Bandra West, Mumbai \u2013 400050, India<\/option><option value=\"18730\" >sfsdfsf, Ahmed Faheem Bayoumy, El-Nozha, El Nozha, Egypt<\/option><option value=\"18701\" >Redmond, Washington, USA<\/option><option value=\"18700\" >75004 Paris, France<\/option><option value=\"18681\" >Address Boulevard &#8211; Sheikh Mohammed bin Rashid Boulevard &#8211; Duba\u00ef &#8211; \u00c9mirats arabes unis<\/option><option value=\"18658\" >3825 DD Amersfoort, Nederland<\/option><option value=\"18651\" >90 E 42nd St, New York, NY, USA<\/option><option value=\"18648\" ><\/option><option value=\"18411\" >Mumbai, India<\/option><option value=\"11891\" >London, UK<\/option><option value=\"10615\" >Queensland, Australia<\/option><option value=\"9184\" >NE 24th St, Redmond, Washington, USA<\/option><option value=\"9177\" >10178 Berlin, Germany<\/option><option value=\"9064\" >Bandra West, Mumbai \u2013 400050, India<\/option><option value=\"7888\" >London<\/option><option value=\"7501\" >Mumbai<\/option><option value=\"6809\" >Washington<\/option>                        <\/select>\r\n\t\t\t\t\t<\/div>\r\n\t\t\t\t            <span class=\"exwt-input-group-btn\">\r\n                <button type=\"submit\" id=\"searchsubmit\" class=\"exwt-btn-default we-search-submit\" data-id =\"we-s8002\">Filter<\/button>\r\n            <\/span>\r\n        <\/div>\r\n\t                        <\/form>\r\n                        <\/div>\r\n                    <\/div>\r\n                                    <\/div>\r\n            <\/div>\r\n                    <\/div>\r\n\t[vc_column_text el_class=&#8221;shortcode-code&#8221;][we_search][\/vc_column_text][\/vc_column][vc_column width=&#8221;1\/2&#8243;]    <div class=\"we-search-container we-s139\" data-id =\"we-s139\">\r\n    \t<div class=\"we-loading\">\r\n            <div class=\"wpex-spinner\">\r\n                <div class=\"rect1\"><\/div>\r\n                <div class=\"rect2\"><\/div>\r\n                <div class=\"rect3\"><\/div>\r\n                <div class=\"rect4\"><\/div>\r\n                <div class=\"rect5\"><\/div>\r\n            <\/div>\r\n        <\/div>\r\n        <div class=\"woo-event-toolbar we-search-shortcode \" id=\"we-s139\">\r\n                <div class=\"exwt-row\">\r\n                    <div class=\"exwt-col12\">\r\n                        <div class=\"we-search-form\">\r\n                            <span class=\"search-lb lb-sp\">Search<\/span>\r\n                            <input type=\"hidden\"  name=\"ajax_url\" value=\"https:\/\/exthemes.net\/wooevents\/wp-admin\/admin-ajax.php\">\r\n                            <input type=\"hidden\"  name=\"result_showin\" value=\".we-ajax-result\">\r\n                            <input type=\"hidden\"  name=\"search_layout\" value=\"\">\r\n                            <input type=\"hidden\"  name=\"search_id\" value=\"we-s139\">\r\n                            <form role=\"search\" method=\"get\" id=\"searchform\" class=\"wooevent-search-form\" action=\"https:\/\/exthemes.net\/wooevents\/\">\r\n                                <div class=\"exwt-input-group\">\r\n                                    <div class=\"exwt-input-group-btn we-search-dropdown we-sfilter\" data-id=\"we-s139\">\r\n                                      <button name=\"product_cat\" type=\"button\" class=\"exwt-btn exwt-btn-default we-search-dropdown-button we-showdrd\"><span class=\"button-label\">Filter<\/span> <span class=\"fa fa-angle-down\"><\/span><\/button>\r\n                                    <\/div>\r\n                                    <input type=\"text\" value=\"\" name=\"s\" id=\"s\" placeholder=\"Search\" class=\"form-control\" \/>\r\n                                    <input type=\"hidden\" name=\"post_type\" value=\"product\" \/>\r\n                                    <span class=\"exwt-input-group-btn\">\r\n                                        <button type=\"submit\" id=\"searchsubmit\" class=\"exwt-btn exwt-btn-default we-search-submit\"  data-id =\"we-s139\" ><i class=\"fa fa-search\"><\/i><\/button>\r\n                                    <\/span>\r\n                                <\/div>\r\n                                                                \t\t<div class=\"we-filter-expand we-column-3 exwt-row\">\r\n\t\t\t\t\t\t\t\t<div class=\"we-filter-cat exwt-col4 exwt-col-sm4\">\r\n\t\t\t\t\t\t<span class=\"\">Category<\/span>\r\n                        <select name=\"product_cat\">\r\n                            <option value=\"\">All<\/option>\r\n                            <option value=\"uncategorized\" >Uncategorized<\/option><option value=\"albums\" >Albums<\/option><option value=\"clothing\" >Clothing<\/option><option value=\"hoodies\" >Hoodies<\/option><option value=\"music\" >Music<\/option><option value=\"singles\" >Singles<\/option><option value=\"t-shirts\" >T-shirts<\/option><option value=\"tech\" >Tech<\/option>                        <\/select>\r\n\t\t\t\t\t<\/div>\r\n\t\t\t\t\t\t\t\t<div class=\"we-filter-tag exwt-col4 exwt-col-sm4\">\r\n\t\t\t\t\t\t<span class=\"\">Tags<\/span>\r\n                        <select name=\"product_tag\">\r\n                            <option value=\"\">All<\/option>\r\n                            <option value=\"badminton\" >badminton<\/option><option value=\"cricket\" >Cricket<\/option><option value=\"efojnrvfoirwnv-tags\" >efojnrvfoirwnv tags<\/option><option value=\"events\" >events<\/option><option value=\"fermentum\" >fermentum<\/option><option value=\"gravida\" >gravida<\/option><option value=\"music-band\" >music band<\/option><option value=\"natacao\" >nata\u00e7\u00e3o<\/option><option value=\"peace\" >peace<\/option><option value=\"site\" >site<\/option><option value=\"song\" >song<\/option><option value=\"sport\" >sport<\/option><option value=\"tech\" >Tech<\/option><option value=\"tesst\" >tesst<\/option><option value=\"test\" >test<\/option><option value=\"ticket\" >ticket<\/option><option value=\"web\" >web<\/option><option value=\"wordcamp\" >wordcamp<\/option>                        <\/select>\r\n\t\t\t\t\t<\/div>\r\n\t\t\t\t\t\t\t\t<div class=\"we-filter-loc exwt-col4 exwt-col-sm4\">\r\n\t\t\t\t\t\t<span class=\"\">Locations<\/span>\r\n                        <select name=\"location\">\r\n                            <option value=\"\">All<\/option>\r\n                            <option value=\"22494\" >Badminton 11\/12\/2025 J<\/option><option value=\"22381\" >Las Vegas, NV, USA<\/option><option value=\"22336\" >london city<\/option><option value=\"22272\" >London, Vereinigtes K\u00f6nigreich<\/option><option value=\"20543\" >Online via google meet<\/option><option value=\"20431\" >3379 Bluegrass Circle, Evans, CO 80620, USA<\/option><option value=\"20097\" >mayaguez<\/option><option value=\"20075\" >patna,800008<\/option><option value=\"19904\" >The Education &amp; Training Centre, Crawley, UK<\/option><option value=\"19143\" >K\u00f6lner Dom, Domkloster, K\u00f6ln, Deutschland<\/option><option value=\"19072\" >Castell de Sentmenat, Passeig del Castell, Sentmenat, Espa\u00f1a<\/option><option value=\"19056\" >Diadema, SP, Brasil<\/option><option value=\"18813\" >Opposite Lilavati Hospital, Bandra Reclamation, Bandra West, Mumbai ? 400050, India<\/option><option value=\"18810\" >Test location, Salmiya, Kuwait<\/option><option value=\"18793\" >38440 Wolfsburg, Germany<\/option><option value=\"18792\" >10250 NE 24th St, Bellevue, WA 98004, USA<\/option><option value=\"18769\" >Sydney, New South Wales, Australia<\/option><option value=\"18768\" >Opposite Lilavati Hospital, Bandra Reclamation, Bandra West, Mumbai \u2013 400050, India<\/option><option value=\"18730\" >sfsdfsf, Ahmed Faheem Bayoumy, El-Nozha, El Nozha, Egypt<\/option><option value=\"18701\" >Redmond, Washington, USA<\/option><option value=\"18700\" >75004 Paris, France<\/option><option value=\"18681\" >Address Boulevard &#8211; Sheikh Mohammed bin Rashid Boulevard &#8211; Duba\u00ef &#8211; \u00c9mirats arabes unis<\/option><option value=\"18658\" >3825 DD Amersfoort, Nederland<\/option><option value=\"18651\" >90 E 42nd St, New York, NY, USA<\/option><option value=\"18648\" ><\/option><option value=\"18411\" >Mumbai, India<\/option><option value=\"11891\" >London, UK<\/option><option value=\"10615\" >Queensland, Australia<\/option><option value=\"9184\" >NE 24th St, Redmond, Washington, USA<\/option><option value=\"9177\" >10178 Berlin, Germany<\/option><option value=\"9064\" >Bandra West, Mumbai \u2013 400050, India<\/option><option value=\"7888\" >London<\/option><option value=\"7501\" >Mumbai<\/option><option value=\"6809\" >Washington<\/option>                        <\/select>\r\n\t\t\t\t\t<\/div>\r\n\t\t\t\t            <span class=\"exwt-input-group-btn\">\r\n                <button type=\"submit\" id=\"searchsubmit\" class=\"exwt-btn-default we-search-submit\" data-id =\"we-s139\">Filter<\/button>\r\n            <\/span>\r\n        <\/div>\r\n\t                        <\/form>\r\n                        <\/div>\r\n                    <\/div>\r\n                                    <\/div>\r\n            <\/div>\r\n                    <\/div>\r\n\t[vc_column_text el_class=&#8221;shortcode-code&#8221;][we_search][\/vc_column_text][\/vc_column][\/vc_row]<\/p>\n","protected":false},"excerpt":{"rendered":"<p>[vc_row][vc_column][vc_column_text el_class=&#8221;shortcode-code&#8221;] Search Filter Category All UncategorizedAlbumsClothingHoodiesMusicSinglesT-shirtsTech Tags All badmintonCricketefojnrvfoirwnv tagseventsfermentumgravidamusic bandnata\u00e7\u00e3opeacesitesongsportTechtessttestticketwebwordcamp Years All 20242025202620272028 Locations All Badminton 11\/12\/2025 JLas Vegas, NV, USAlondon cityLondon, Vereinigtes K\u00f6nigreichOnline via google meet3379 Bluegrass Circle, Evans, CO 80620, USAmayaguezpatna,800008The Education &amp; Training Centre, Crawley, UKK\u00f6lner Dom, Domkloster, K\u00f6ln, DeutschlandCastell de Sentmenat, Passeig del Castell, Sentmenat, Espa\u00f1aDiadema, SP, BrasilOpposite Lilavati &hellip; <a href=\"https:\/\/exthemes.net\/wooevents\/venue\/washington-dc-20006-usa-2\/\" class=\"more-link\">Continue reading<span class=\"screen-reader-text\"> &#8220;Washington&#8221;<\/span><\/a><\/p>\n","protected":false},"author":1,"featured_media":0,"parent":0,"menu_order":0,"comment_status":"closed","ping_status":"closed","template":"","meta":{"footnotes":""},"_links":{"self":[{"href":"https:\/\/exthemes.net\/wooevents\/wp-json\/wp\/v2\/pages\/8222"}],"collection":[{"href":"https:\/\/exthemes.net\/wooevents\/wp-json\/wp\/v2\/pages"}],"about":[{"href":"https:\/\/exthemes.net\/wooevents\/wp-json\/wp\/v2\/types\/page"}],"author":[{"embeddable":true,"href":"https:\/\/exthemes.net\/wooevents\/wp-json\/wp\/v2\/users\/1"}],"replies":[{"embeddable":true,"href":"https:\/\/exthemes.net\/wooevents\/wp-json\/wp\/v2\/comments?post=8222"}],"version-history":[{"count":6,"href":"https:\/\/exthemes.net\/wooevents\/wp-json\/wp\/v2\/pages\/8222\/revisions"}],"predecessor-version":[{"id":18913,"href":"https:\/\/exthemes.net\/wooevents\/wp-json\/wp\/v2\/pages\/8222\/revisions\/18913"}],"wp:attachment":[{"href":"https:\/\/exthemes.net\/wooevents\/wp-json\/wp\/v2\/media?parent=8222"}],"curies":[{"name":"wp","href":"https:\/\/api.w.org\/{rel}","templated":true}]}}